at is 20 + 11?
101
In base 14, what is 45 - -5?
4a
In base 4, what is -2 - -101?
33
In base 15, what is -4 - 100e?
-1013
In base 16, what is 2 - -153a?
153c
In base 7, what is -25 + 16?
-6
In base 11, what is 1 + 24?
25
In base 15, what is -7 + 3c?
35
In base 4, what is 3222201 - 1?
3222200
In base 12, what is 1794 - -3?
1797
In base 6, what is 315 - -2?
321
In base 13, what is -2 + -17a?
-17c
In base 4, what is -100 + 0?
-100
In base 11, what is 63 + 6?
69
In base 2, what is -10000 - 1?
-10001
In base 9, what is -160 - -1?
-158
In base 4, what is -30 - 110?
-200
In base 4, what is 0 + 12303?
12303
In base 3, what is -10120 + -1?
-10121
In base 15, what is -5 - bc?
-c2
In base 4, what is 3113 + -23?
3030
In base 13, what is 1 + 2b0?
2b1
In base 14, what is b - -1b3?
1c0
In base 9, what is -3 + 111?
107
In base 3, what is 1 - -20?
21
In base 15, what is 15 + 3?
18
In base 7, what is -2236 - -3?
-2233
In base 16, what is -b + 2f?
24
In base 12, what is 2 - 1b22?
-1b20
In base 15, what is -11c + -3?
-120
In base 3, what is -11 + -1010221?
-1011002
In base 6, what is -10011 - 14?
-10025
In base 13, what is 42c - 6?
426
In base 16, what is 16 + -115?
-ff
In base 13, what is 131 - -10?
141
In base 15, what is 9 - 6?
3
In base 3, what is 102221 - -10?
110001
In base 14, what is 6a - -10?
7a
In base 11, what is -2 + -666?
-668
In base 14, what is 141 + -b?
134
In base 5, what is 102 - -201?
303
In base 14, what is -c + 1?
-b
In base 11, what is -1a6 + -73?
-269
In base 14, what is 12 - 1c?
-a
In base 9, what is -2 - 50?
-52
In base 7, what is -3 + 500?
464
In base 2, what is 1010 + -11100?
-10010
In base 7, what is -3 + 215?
212
In base 12, what is 4 - b4?
-b0
In base 6, what is 132 + 0?
132
In base 9, what is -35370 - 3?
-35373
In base 12, what is -5 + 880?
877
In base 9, what is 1322 - 12?
1310
In base 6, what is 24 + -150?
-122
In base 16, what is 0 - -45?
45
In base 8, what is 26 + -7?
17
In base 8, what is 0 - -23?
23
In base 4, what is -3 - 1200?
-1203
In base 6, what is -24 + 1?
-23
In base 13, what is 25 + 6?
2b
In base 4, what is -12 + 13300?
13222
In base 12, what is -2885a + -3?
-28861
In base 9, what is -217 - -5?
-212
In base 14, what is 475 - a?
469
In base 14, what is -3 - 56?
-59
In base 4, what is 131 - 10?
121
In base 16, what is 4 - -fe?
102
In base 8, what is 24 - -3?
27
In base 13, what is -2 - -1c?
1a
In base 7, what is -10 + -60?
-100
In base 13, what is -78 - -2b?
-4a
In base 10, what is 3 - 2204?
-2201
In base 2, what is 0 - 110001011?
-110001011
In base 16, what is d - 67?
-5a
In base 15, what is 5c + -13?
49
In base 9, what is 141 - 11?
130
In base 15, what is 7 + -3?
4
In base 4, what is -23232 + 11?
-23221
In base 9, what is -2 + -128?
-131
In base 15, what is -3ee - -1?
-3ed
In base 3, what is 11 - 110202?
-110121
In base 10, what is -1 + 115?
114
In base 5, what is -3 - 243?
-301
In base 12, what is -221 - -3?
-21a
In base 2, what is -100111011001001 + -11?
-100111011001100
In base 5, what is -121 + -3?
-124
In base 8, what is -2326 - 36?
-2364
In base 4, what is -11 + -113?
-130
In base 8, what is 3 + -5?
-2
In base 5, what is 3 + 1211?
1214
In base 11, what is 7 - 35?
-29
In base 11, what is 1154 + 2?
1156
In base 8, what is 466 - 122?
344
In base 2, what is -1101101 + 0?
-1101101
In base 9, what is -725 - -2?
-723
In base 15, what is 0 - 1c?
-1c
In base 9, what is -1 - -8381?
8380
In base 15, what is 81 - -23?
a4
In base 7, what is 1100 + 2?
1102
In base 9, what is 28 + -2?
26
In base 2, what is 100101 - -11?
101000
In base 12, what is 2 + -69?
-67
In base 7, what is -31 + -164?
-225
In base 14, what is -82 + 7?
-79
In base 8, what is -25 + -12?
-37
In base 4, what is 1 - 10232?
-10231
In base 2, what is 101001 - -100?
101101
In base 4, what is 13302 - 0?
13302
In base 5, what is -4 + 21?
12
In base 7, what is 506 - 0?
506
In base 6, what is 1 + -524?
-523
In base 14, what is 2 + -157?
-155
In base 16, what is 1 - -298?
299
In base 8, what is 2 - 277?
-275
In base 5, what is 2 - -431?
433
In base 13, what is 26 - -10?
36
In base 15, what is -3 + -2e?
-32
In base 7, what is 10033 - 2?
10031
In base 10, what is 2 + 56?
58
In base 15, what is 7 + 25?
2c
In base 10, what is -46 - -5?
-41
In base 16, what is -42 + -5?
-47
In base 3, what is -12 - 1020?
-1102
In base 4, what is -1111 - -21?
-1030
In base 3, what is 112210010 - -12?
112210022
In base 3, what is 10 - 11022?
-11012
In base 9, what is -424 + 7?
-416
In base 10, what is 8 + -670?
-662
In base 12, what is 5 - -22?
27
In base 3, what is -2 - -2012?
2010
In base 12, what is 494 + 0?
494
In base 15, what is 690 + -4?
68b
In base 3, what is 11 + -211?
-200
In base 10, what is -9998 - -1?
-9997
In base 3, what is 2 - 211112?
-211110
In base 16, what is 1e + 29?
47
In base 9, what is 3 + -42?
-38
In base 12, what is 105 + 5?
10a
In base 11, what is 310 + 2?
312
In base 8, what is -115 + 2?
-113
In base 9, what is 20 + -11?
8
In base 15, what is 6a + -32?
38
In base 10, what is -3 - -18?
15
In base 8, what is -353 - 3?
-356
In base 16, what is -4 - -3f?
3b
In base 4, what is -222 + -31?
-313
In base 9, what is 7 + 223?
231
In base 13, what is 724 + a?
731
In base 7, what is 0 + 164?
164
In base 12, what is -1487 - 5?
-1490
In base 10, what is -13528 + -1?
-13529
In base 9, what is 188 - 2?
186
In base 5, what is -341 + 30?
-311
In base 16, what is -1e + -16?
-34
In base 14, what is d5 - -5?
da
In base 2, what is 10 - -101110000?
101110010
In base 8, what is -432 - 2?
-434
In base 14, what is -2 - 271?
-273
In base 6, what is 22 - 14?
4
In base 8, what is -2633 - -3?
-2630
In base 15, what is -2 + -973?
-975
In base 4, what is -20233 + -3?
-20302
In base 6, what is 11 + -533?
-522
In base 7, what is -1111 + 1?
-1110
In base 4, what is 0 - -10321?
10321
In base 4, what is 1300 - -10?
1310
In base 5, what is -3 - 1034?
-1042
In base 4, what is 31120 + -1?
31113
In base 2, what is -110 - 10111000?
-10111110
In base 14, what is -954 + 0?
-954
In base 3, what is -2 + 211?
202
In base 5, what is -2331 - -2?
-2324
In base 14, what is c - -37?
45
In base 16, what is 4 + 5b1?
5b5
In base 16, what is -4 - 12c?
-130
In base 6, what is 1 - 25101?
-25100
In base 8, what is 27 + 367?
416
In base 2, what is 10 + 1001010?
1001100
In base 16, what is -3 + 2?
-1
In base 4, what is 2133 + 3?
2202
In base 7, what is -15 + -153?
-201
In base 14, what is -1 - -39a1?
39a0
In base 10, what is -5 - -1181?
1176
In base 6, what is -1542 + -102?
-2044
In base 5, what is 24 - -202?
231
In base 4, what is 300 - -330?
1230
In base 14, what is -1639 - 2?
-163b
In base 3, what is -102 + -100?
-202
In base 7, what is -1013 - -4?
-1006
In base 14, what is 1d + 6?
25
In base 9, what is 76353 - -5?
76358
In base 15, what is 91 + 1?
92
In base 2, what is 1000001001 + 1?
1000001010
In base 11, what is 1097 + -8?
108a
In base 3, what is 1211 - -10220?
12201
In base 15, what is 9ae8 + 2?
9aea
In base 11, what is 4 - 154?
-150
In base 12, what is 6 + -7?
-1
In base 15, what is 6 + 63?
69
In base 11, what is 61 + -1a?
42
In base 13, what is 13 + -32a?
-317
In base 3, what is 11111 + -21201?
-10020
In base 15, what is 122 + 4?
126
In base 16, what is -1 - -64?
63
In base 14, what is -13 - -883?
870
In base 8, what is 2 - -501?
503
In base 4, what is -2 - 1003?
-1011
In base 2, what is 100 + 10111001?
10111101
In base 12, what is 1 - -65?
66
In base 5, what is -43 - 12?
-110
In base 16, what is 1 + 5a?
5b
In base 5, what is 20033 - -10?
20043
In base 7, what is 5 + -22?
-14
In base 7, what is 53 - 0?
53
In base 7, what is 101003 + -3?
101000
In base 6, what is -123042 + 4?
-123034
In base 2, what is 101 + 1000000?
1000101
In base 12, what is 2 - 24?
-22
In base 5, what is -320433 - 0?
-320433
In base 6, what is -10145 + 3?
-10142
In base 10, what is 34 - -356?
390
In base 9, what is -4 + 18?
14
In base 15, what is ba + -5?
b5
In base 9, what is -200 + -3?
-203
In base 13, what is 5 - 33?
-2b
In base 10, what is 4 - 2319?
-2315
In base 4, what is -102000 + -2?
-102002
In base 10, what is -47 - 3?
-50
In base 7, what is -306 + 64?
-212
In base 15, what is -4 + 4b?
47
In base 10, what is 1 - 31?
-30
In base 5, what is 10 - -21321?
21331
In base 14, what is -18 + -7?
-21
In base 7, what is -1342 - 3?
-1345
In base